{"id":1419,"date":"2020-07-31T09:06:41","date_gmt":"2020-07-31T07:06:41","guid":{"rendered":"https:\/\/www.dna4u.de\/DNA4U70\/?page_id=1419"},"modified":"2020-08-01T22:31:24","modified_gmt":"2020-08-01T20:31:24","slug":"links","status":"publish","type":"page","link":"https:\/\/www.dna4u.de\/DNA4U70\/links\/","title":{"rendered":"Links"},"content":{"rendered":"<div>\n<p>Wenn Sie eine Verlinkung mit uns w\u00fcnschen, dann geben Sie uns Bescheid.<br \/>\nWenn Sie unser Banner mit auf Ihre Seite setzen m\u00f6chten, f\u00fcgen Sie bitte folgenden Html-Code ein:<\/p>\n<p>&lt;a href=&#8220;<a class=\"linkification-ext\" title=\"Linkification: http:\/\/www.dna4u.de\" href=\"..\/\">https:\/\/www.dna4u.de<\/a>&#8220; target=&#8220;_blank&#8220;&gt;<br \/>\n&lt;img src=&#8220;<a class=\"linkification-ext\" title=\"Linkification: http:\/\/www.dna4u.de\/links\/DNA4U-Banner.gif\" href=\"..\/links\/DNA4U-Banner.gif\">https:\/\/www.dna4u.de\/links\/DNA4U-Banner.gif<\/a>&#8220; width=&#8220;468&#8243; height=&#8220;60&#8243; border=&#8220;0&#8243; alt=&#8220;<a class=\"linkification-ext\" title=\"Linkification: http:\/\/www.dna4u.de\" href=\"..\/\">https:\/\/www.dna4u.de<\/a>&#8222;&gt;&lt;\/a&gt;<br \/>\n<img loading=\"lazy\" decoding=\"async\" class=\"alignnone size-medium\" src=\"https:\/\/www.dna4u.de\/links\/DNA4U-Banner.gif\" width=\"468\" height=\"60\"><img loading=\"lazy\" decoding=\"async\" class=\"alignnone size-medium\" src=\"https:\/\/www.dna4u.de\/links\/DNA4U-Banner.gif\" alt=\"DNA4U\" width=\"468\" height=\"60\"><a href=\"https:\/\/www.dna4u.de\/DNA4U70\/wp-content\/uploads\/2020\/07\/DNA4U-Banner.gif\"><img loading=\"lazy\" decoding=\"async\" class=\"alignnone size-medium wp-image-1424\" src=\"https:\/\/www.dna4u.de\/DNA4U70\/wp-content\/uploads\/2020\/07\/DNA4U-Banner-300x38.gif\" alt=\"\" width=\"300\" height=\"38\"><\/a><br \/>\n<a href=\"..\/\" target=\"_blank\" rel=\"noopener noreferrer\"> <img loading=\"lazy\" decoding=\"async\" src=\"http:\/\/www.dna4u.de\/dna4ucmsms\/..\/links\/DNA4U-Banner.gif\" alt=\"\" width=\"468\" height=\"60\" border=\"0\"><\/a><\/p>\n<p>Ein kleines Banner haben wir hier:<br \/>\n<img loading=\"lazy\" decoding=\"async\" src=\"http:\/\/www.dna4u.de\/dna4ucmsms\/..\/links\/DNA4U.gif\" alt=\"\" width=\"88\" height=\"31\"><br \/>\n&lt;a href=&#8220;<a class=\"linkification-ext\" title=\"Linkification: http:\/\/www.dna4u.de\" href=\"..\/\">https:\/\/www.dna4u.de<\/a>&#8220; target=&#8220;_blank&#8220;&gt;<br \/>\n&lt;img src=&#8220;<a class=\"linkification-ext\" title=\"Linkification: http:\/\/www.dna4u.de\/links\/DNA4U.gif\" href=\"..\/links\/DNA4U.gif\">https:\/\/www.dna4u.de\/links\/DNA4U.gif<\/a>&#8220; width=&#8220;88&#8243; height=&#8220;31&#8243; border=&#8220;0&#8243; alt=&#8220;<a class=\"linkification-ext\" title=\"Linkification: http:\/\/www.dna4u.de\" href=\"..\/\">https:\/\/www.dna4u.de<\/a>&#8222;&gt;&lt;\/a&gt;<\/p>\n<p>Hier unsere Links:<\/p>\n<table style=\"width: 99%; height: 691px;\" cellspacing=\"2\" cellpadding=\"1\" border=\"0\" align=\"center\">\n<tbody>\n<tr>\n<td><a href=\"http:\/\/www.no-hands.de\" target=\"_blank\" rel=\"noopener noreferrer\"><img loading=\"lazy\" decoding=\"async\" class=\"alignnone\" src=\"http:\/\/www.no-hands.de\/uploads\/images\/buttons\/Html-Vorlagen\/button-html.jpg\" alt=\"\" width=\"230\" height=\"230\"><\/a><\/td>\n<td><a href=\"https:\/\/www.tierfreunde-ms.de\/\" target=\"_blank\" rel=\"noopener noreferrer\"><img loading=\"lazy\" decoding=\"async\" class=\"alignnone\" src=\"https:\/\/www.tierfreunde-ms.de\/fileadmin\/_migrated\/pics\/banner-tierfreunde.jpg\" alt=\"Tierfreunde M\u00fcnster\" width=\"400\" height=\"169\"><\/a><\/td>\n<\/tr>\n<tr>\n<td><a title=\"Silberschmuck-Trends erleben!\" href=\"http:\/\/www.fairsuchungen.de\" target=\"_blank\" rel=\"noopener noreferrer\"><img loading=\"lazy\" decoding=\"async\" class=\"alignnone\" src=\"https:\/\/fairsuchungen.de\/templates\/fair_black\/img\/banner\/120x86-fairsuchungen.jpg\" alt=\"Fairsuchungen\" width=\"24\" height=\"24\" border=\"0\"><\/a><\/td>\n<td><a href=\"https:\/\/netbuild.net\/\" target=\"_blank\" rel=\"noopener noreferrer\"><img loading=\"lazy\" decoding=\"async\" class=\"alignnone\" src=\"https:\/\/netbuild.net\/themes\/netbuild\/assets\/images\/nblogo.png\" alt=\"\" width=\"251\" height=\"51\"><\/a><\/td>\n<\/tr>\n<tr>\n<td>&nbsp;<\/td>\n<td>&nbsp;<\/td>\n<\/tr>\n<tr>\n<td colspan=\"2\">\n<p style=\"text-align: justify;\"><a href=\"http:\/\/www.diebeziehungskiste.com\/\" target=\"_blank\" rel=\"noopener noreferrer\"><img loading=\"lazy\" decoding=\"async\" class=\"alignnone\" style=\"float: left;\" src=\"http:\/\/www.dna4u.de\/dna4ucmsms\/uploads\/images\/BILDER\/Links\/die-beziehungskiste.jpg\" alt=\"\" width=\"350\" height=\"148\"><\/a><\/p>\n<p style=\"text-align: justify;\"><span style=\"font-size: xx-small;\">Sie haben Fragen zu Liebe, Sex und Partnerschaft?<\/span><br \/>\n<span style=\"font-size: xx-small;\">Sie m\u00f6chten neuen Schwung in ihre Beziehung bringen oder sich und ihren K\u00f6rper besser kennenlernen? Dann sind Sie bei der Beziehungskiste genau richtig.<\/span><br \/>\n<span style=\"font-size: xx-small;\">Sebastian Macht ist der Begr\u00fcnder der Beziehungskiste, einer Paar- und Sexualberatungspraxis in der N\u00e4he von Frankfurt am Main.<\/span><br \/>\n<span style=\"font-size: xx-small;\">In einem gesch\u00fctzten und gem\u00fctlichen Rahmen bietet er Ihnen einen Ort, wo Sie frei \u00fcber ihre Themen sprechen k\u00f6nnen.<\/span><br \/>\n<span style=\"font-size: xx-small;\">Neben der pers\u00f6nlichen Einzelberatung bietet Herr Macht auch weitere Beratungsmodelle wie etwa die Paar- Gruppen- und Jugendberatung an. In einem Onlineblog beantwortet er zus\u00e4tzlich Leserfragen.<\/span><br \/>\n<span style=\"font-size: xx-small;\">Ein Besuch der Homepage lohnt sich auf alle F\u00e4lle!<a href=\"http:\/\/www.diebeziehungskiste.com\/\" target=\"_blank\" rel=\"noopener noreferrer\">www.DieBeziehungskiste.com<\/a><br \/>\n<\/span><\/p>\n<\/td>\n<\/tr>\n<tr>\n<td>&nbsp;<\/td>\n<td>&nbsp;<\/td>\n<\/tr>\n<tr>\n<td>&nbsp;<\/td>\n<td>&nbsp;<\/td>\n<\/tr>\n<tr>\n<td>&nbsp;<\/td>\n<td>&nbsp;<\/td>\n<\/tr>\n<tr>\n<td>&nbsp;<\/td>\n<td>&nbsp;<\/td>\n<\/tr>\n<tr>\n<td>&nbsp;<\/td>\n<td>&nbsp;<\/td>\n<\/tr>\n<tr>\n<td>&nbsp;<\/td>\n<td>&nbsp;<\/td>\n<\/tr>\n<\/tbody>\n<\/table>\n<p>&nbsp;<\/p>\n<p>&nbsp;<\/p>\n<p>&nbsp;<\/p>\n<p>&nbsp;<\/p>\n<div><!-- Fairsuchungen --><\/div>\n<p><a title=\"Geldklammer\" href=\"http:\/\/www.geldklammer.com\" target=\"_blank\" rel=\"noopener noreferrer\"><img loading=\"lazy\" decoding=\"async\" src=\"http:\/\/www.geldklammer.com\/banner\/geldklammer.gif\" alt=\"\" width=\"236\" height=\"61\" border=\"0\"><\/a><\/p>\n<p>&nbsp;<\/p>\n<p><strong>&nbsp;<\/strong><\/p>\n<p>&nbsp;<\/p>\n<p>&nbsp;<\/p>\n<p>&nbsp;<\/p>\n<p>&nbsp;<\/p>\n<\/div>\n<p><strong> <!-- Add code here that should appear in the content block of all new pages --><\/strong><\/p>\n","protected":false},"excerpt":{"rendered":"<p>Wenn Sie eine Verlinkung mit uns w\u00fcnschen, dann geben Sie uns Bescheid. Wenn Sie unser Banner mit auf Ihre Seite setzen m\u00f6chten, f\u00fcgen Sie bitte folgenden Html-Code ein: &lt;a href=&#8220;https:\/\/www.dna4u.de&#8220; target=&#8220;_blank&#8220;&gt; &lt;img src=&#8220;https:\/\/www.dna4u.de\/links\/DNA4U-Banner.gif&#8220; width=&#8220;468&#8243; height=&#8220;60&#8243; border=&#8220;0&#8243; alt=&#8220;https:\/\/www.dna4u.de&#8222;&gt;&lt;\/a&gt; Ein kleines Banner haben wir hier: &lt;a href=&#8220;https:\/\/www.dna4u.de&#8220; target=&#8220;_blank&#8220;&gt; &lt;img src=&#8220;https:\/\/www.dna4u.de\/links\/DNA4U.gif&#8220; width=&#8220;88&#8243; height=&#8220;31&#8243; border=&#8220;0&#8243; alt=&#8220;https:\/\/www.dna4u.de&#8222;&gt;&lt;\/a&gt; Hier unsere Links: &nbsp; &nbsp; Sie haben Fragen<\/p>\n","protected":false},"author":1,"featured_media":0,"parent":0,"menu_order":0,"comment_status":"closed","ping_status":"closed","template":"","meta":{"ngg_post_thumbnail":0,"footnotes":""},"class_list":["post-1419","page","type-page","status-publish","hentry"],"_links":{"self":[{"href":"https:\/\/www.dna4u.de\/DNA4U70\/wp-json\/wp\/v2\/pages\/1419","targetHints":{"allow":["GET"]}}],"collection":[{"href":"https:\/\/www.dna4u.de\/DNA4U70\/wp-json\/wp\/v2\/pages"}],"about":[{"href":"https:\/\/www.dna4u.de\/DNA4U70\/wp-json\/wp\/v2\/types\/page"}],"author":[{"embeddable":true,"href":"https:\/\/www.dna4u.de\/DNA4U70\/wp-json\/wp\/v2\/users\/1"}],"replies":[{"embeddable":true,"href":"https:\/\/www.dna4u.de\/DNA4U70\/wp-json\/wp\/v2\/comments?post=1419"}],"version-history":[{"count":4,"href":"https:\/\/www.dna4u.de\/DNA4U70\/wp-json\/wp\/v2\/pages\/1419\/revisions"}],"predecessor-version":[{"id":1451,"href":"https:\/\/www.dna4u.de\/DNA4U70\/wp-json\/wp\/v2\/pages\/1419\/revisions\/1451"}],"wp:attachment":[{"href":"https:\/\/www.dna4u.de\/DNA4U70\/wp-json\/wp\/v2\/media?parent=1419"}],"curies":[{"name":"wp","href":"https:\/\/api.w.org\/{rel}","templated":true}]}}